{"id":259,"date":"2016-09-12T13:11:47","date_gmt":"2016-09-12T13:11:47","guid":{"rendered":"http:\/\/www.tecport.de\/wordpress\/?page_id=259"},"modified":"2016-09-13T09:28:08","modified_gmt":"2016-09-13T09:28:08","slug":"anbaugeraete","status":"publish","type":"page","link":"https:\/\/www.tecport.de\/wordpress\/anbaugeraete\/","title":{"rendered":"Anbauger\u00e4te"},"content":{"rendered":"<p><img loading=\"lazy\" decoding=\"async\" src=\"https:\/\/tecport.de\/wordpress\/wp-content\/uploads\/2016\/09\/index-300x50.jpg\" alt=\"index\" width=\"300\" height=\"50\" class=\"alignnone size-medium wp-image-189\" srcset=\"https:\/\/www.tecport.de\/wordpress\/wp-content\/uploads\/2016\/09\/index-300x50.jpg 300w, https:\/\/www.tecport.de\/wordpress\/wp-content\/uploads\/2016\/09\/index.jpg 388w\" sizes=\"auto, (max-width: 300px) 100vw, 300px\" \/><br \/>\n<span style=\"font-size: xx-small;\">(Stand Februar 2013) &#8211; \u00c4nderungen vorbehalten<\/span><br \/>\n\n<table id=\"tablepress-10\" class=\"tablepress tablepress-id-10 tbody-has-connected-cells\">\n<tbody class=\"row-striping row-hover\">\n<tr class=\"row-1\">\n\t<td class=\"column-1\">Tr\u00e4gerger\u00e4t 8 bis 18 to<\/td><td class=\"column-2\">Gr\u00f6\u00dfe<\/td><td class=\"column-3\">Preis in Euro<\/td><td class=\"column-4\"><\/td><td class=\"column-5\"><\/td>\n<\/tr>\n<tr class=\"row-2\">\n\t<td class=\"column-1\">Anbauger\u00e4t<\/td><td class=\"column-2\">Je nach Verf\u00fcgbarkeit<\/td><td class=\"column-3\">pro Tag<\/td><td class=\"column-4\">Woche pro Tag<\/td><td class=\"column-5\">Monat pro Tag<\/td>\n<\/tr>\n<tr class=\"row-3\">\n\t<td class=\"column-1\">Tiefl\u00f6ffel MS 08<\/td><td class=\"column-2\">400 mm \u2013 800 mm<\/td><td class=\"column-3\">20<\/td><td class=\"column-4\">14<\/td><td class=\"column-5\">8<\/td>\n<\/tr>\n<tr class=\"row-4\">\n\t<td class=\"column-1\">Grabenr\u00e4uml\u00f6ffel MS 08<\/td><td class=\"column-2\">1500 mm<\/td><td class=\"column-3\">32<\/td><td class=\"column-4\">20<\/td><td class=\"column-5\">15<\/td>\n<\/tr>\n<tr class=\"row-5\">\n\t<td class=\"column-1\">Tiefl\u00f6ffel\u00a0 MS 10<\/td><td class=\"column-2\">400mm \u2013 1200mm<\/td><td class=\"column-3\">26<\/td><td class=\"column-4\">16<\/td><td class=\"column-5\">10<\/td>\n<\/tr>\n<tr class=\"row-6\">\n\t<td class=\"column-1\">Siebl\u00f6ffel\u00a0 MS 10<\/td><td class=\"column-2\">1000mm<\/td><td class=\"column-3\">28<\/td><td class=\"column-4\">18<\/td><td class=\"column-5\">12<\/td>\n<\/tr>\n<tr class=\"row-7\">\n\t<td class=\"column-1\">Grabenr\u00e4uml\u00f6ffel MS 10<\/td><td class=\"column-2\">2000mm<\/td><td class=\"column-3\">40<\/td><td class=\"column-4\">25<\/td><td class=\"column-5\">18<\/td>\n<\/tr>\n<tr class=\"row-8\">\n\t<td class=\"column-1\">Greifer<\/td><td class=\"column-2\">600mm \u2013 800mm<\/td><td class=\"column-3\">54<\/td><td class=\"column-4\">36<\/td><td class=\"column-5\">25<\/td>\n<\/tr>\n<tr class=\"row-9\">\n\t<td class=\"column-1\">Abbruch- und Sortiergreifer<\/td><td class=\"column-2\">600mm \u2013 800mm<\/td><td class=\"column-3\">64<\/td><td class=\"column-4\">45<\/td><td class=\"column-5\">35<\/td>\n<\/tr>\n<tr class=\"row-10\">\n\t<td colspan=\"5\" class=\"column-1\">R\u00fcstpauschale  f\u00fcr Tr\u00e4gerger\u00e4te von 0-5 to = 50 Euro; von 5-18 to = 75 Euro; von 18-28 to = 100 Euro<\/td>\n<\/tr>\n<tr class=\"row-11\">\n\t<td class=\"column-1\"><\/td><td class=\"column-2\"><\/td><td class=\"column-3\"><\/td><td class=\"column-4\"><\/td><td class=\"column-5\"><a href=\"https:\/\/www.tecport.de\/wordpress\/?page_id=44\"><img loading=\"lazy\" decoding=\"async\" src=\"https:\/\/www.tecport.de\/wordpress\/wp-content\/uploads\/2016\/09\/Bild1.png\" alt=\"bild1\" width=\"30\" height=\"30\" class=\"alignnone size-full wp-image-231\" srcset=\"https:\/\/www.tecport.de\/wordpress\/wp-content\/uploads\/2016\/09\/Bild1.png 153w, https:\/\/www.tecport.de\/wordpress\/wp-content\/uploads\/2016\/09\/Bild1-150x148.png 150w\" sizes=\"auto, (max-width: 30px) 100vw, 30px\" \/><\/a><\/td>\n<\/tr>\n<\/tbody>\n<\/table>\n<!-- #tablepress-10 from cache --><\/p>\n","protected":false},"excerpt":{"rendered":"<p>(Stand Februar 2013) &#8211; \u00c4nderungen vorbehalten<\/p>\n","protected":false},"author":2,"featured_media":0,"parent":0,"menu_order":0,"comment_status":"closed","ping_status":"closed","template":"","meta":{"footnotes":""},"class_list":["post-259","page","type-page","status-publish","hentry"],"_links":{"self":[{"href":"https:\/\/www.tecport.de\/wordpress\/wp-json\/wp\/v2\/pages\/259","targetHints":{"allow":["GET"]}}],"collection":[{"href":"https:\/\/www.tecport.de\/wordpress\/wp-json\/wp\/v2\/pages"}],"about":[{"href":"https:\/\/www.tecport.de\/wordpress\/wp-json\/wp\/v2\/types\/page"}],"author":[{"embeddable":true,"href":"https:\/\/www.tecport.de\/wordpress\/wp-json\/wp\/v2\/users\/2"}],"replies":[{"embeddable":true,"href":"https:\/\/www.tecport.de\/wordpress\/wp-json\/wp\/v2\/comments?post=259"}],"version-history":[{"count":2,"href":"https:\/\/www.tecport.de\/wordpress\/wp-json\/wp\/v2\/pages\/259\/revisions"}],"predecessor-version":[{"id":307,"href":"https:\/\/www.tecport.de\/wordpress\/wp-json\/wp\/v2\/pages\/259\/revisions\/307"}],"wp:attachment":[{"href":"https:\/\/www.tecport.de\/wordpress\/wp-json\/wp\/v2\/media?parent=259"}],"curies":[{"name":"wp","href":"https:\/\/api.w.org\/{rel}","templated":true}]}}